(x) = -3*x**2 - x + 10. Determine u(-3).
-14
Let b(g) = -g**2 + 19*g - 118. What is b(7)?
-34
Let i(x) = -3*x**2 - 49*x - 26. Give i(-15).
34
Let z(l) = 3*l + 91. Determine z(-30).
1
Let u(q) = q. Give u(10).
10
Let u(x) = 2*x + 11. What is u(-5)?
1
Let i(l) = -l**3 + 7*l**2 - 7*l. Give i(6).
-6
Let a(x) = x**3 + x - 47. Determine a(0).
-47
Let i(n) = n**2 - n - 8. Determine i(0).
-8
Let j(b) = -2*b**2 + 5*b + 22. Give j(-3).
-11
Let c(k) = -17*k - 54. Determine c(-5).
31
Let z(h) = h**3 + h**2 - 10*h - 6. Give z(3).
0
Let g(v) = 9*v + 84. Give g(-17).
-69
Let u(d) = -d**3 - 8*d**2 + 18*d - 11. Determine u(-10).
9
Let j(d) = -d**3 + 5*d**2 - 5*d + 27. Give j(5).
2
Let s(o) = o - 31. Give s(29).
-2
Let g(w) = -w**2 + 21*w + 697. Determine g(39).
-5
Let q(g) = -2*g + 1. Calculate q(0).
1
Let x(q) = -26*q - 79. Give x(-3).
-1
Let n(g) = 2*g + 6. Give n(-6).
-6
Let m(q) = -q**3 + 5*q**2 - 6*q + 6. What is m(4)?
-2
Let q(j) = -j**3 - j**2 - 14*j - 29. Determine q(-2).
3
Let r(s) = 3*s - 81. Calculate r(29).
6
Let t(q) = 11*q - 5. Calculate t(-6).
-71
Let u(p) = -6*p - 20. Determine u(-3).
-2
Let l(r) = 2*r**2 - 2*r - 52. What is l(-6)?
32
Let z(k) = -11*k + 14. Give z(16).
-162
Let t(u) = -u**2 - 9*u - 1. What is t(-8)?
7
Let s(o) = -o**2 - 22*o + 77. Determine s(-25).
2
Let n(d) = -38*d - 4. Determine n(2).
-80
Let d(f) = f**3 - 18*f**2 + 15*f + 25. Calculate d(17).
-9
Let p(a) = 6*a + 24. Determine p(-6).
-12
Let i(g) = g**2 - 4*g - 7. Calculate i(8).
25
Let s(f) = 35*f - 211. What is s(7)?
34
Let u(b) = 3*b**3 - 5*b**2 - 3*b + 3. Calculate u(-1).
-2
Let q(w) = 23*w - 6. Calculate q(-3).
-75
Let d(b) = -b**2 + 12*b - 17. Calculate d(11).
-6
Let k(t) = 4*t. What is k(4)?
16
Let r(g) = 117*g + 575. Determine r(-5).
-10
Let a(d) = -4*d**2 + 22*d - 11. Determine a(5).
-1
Let c(h) = 10*h + 647. Calculate c(-64).
7
Let g(y) = y**3 + 18*y**2 + y + 15. What is g(-18)?
-3
Let j(a) = -5*a. Determine j(3).
-15
Let s(u) = -2*u**2 + 21*u - 12. Give s(10).
-2
Let t(i) = 2*i - 52. Determine t(15).
-22
Let a(l) = l**3 + 7*l**2 - 10*l - 17. Determine a(-8).
-1
Let q(y) = -y**2 - 31*y - 61. Determine q(-29).
-3
Let p(z) = -3*z**2 - 5*z + 5. Determine p(-3).
-7
Let o(y) = -y**3 - 8*y**2 + 9*y - 10. What is o(-9)?
-10
Let k(r) = -r**2 - 13*r - 33. What is k(-11)?
-11
Let t(u) = 3*u + 3. Determine t(-7).
-18
Let b(c) = c + 24. Determine b(-22).
2
Let c(j) = -j**2 + 18*j - 29. Calculate c(18).
-29
Let j(v) = 2*v**2 - 4*v - 7. What is j(-5)?
63
Let c(k) = 6*k**2 - 32*k + 4. Give c(5).
-6
Let x(o) = 2*o**3 - 30*o**2 + o - 8. Calculate x(15).
7
Let b(f) = 4*f + 16. Determine b(-10).
-24
Let z(h) = -10*h**2 - 3*h - 3. Calculate z(-2).
-37
Let b(q) = q**2 + 4*q - 8. Give b(4).
24
Let u(p) = p**3 - p**2 - 5*p - 2. What is u(-2)?
-4
Let k(b) = b**3 - 23*b**2 + 24*b - 46. Give k(22).
-2
Let y(u) = -u**3 + 6*u**2 - 11*u + 7. Determine y(3).
1
Let y(h) = -17*h - 176. Give y(-12).
28
Let i(j) = 18*j - 120. Calculate i(7).
6
Let g(m) = 4*m**2 + 4*m - 5. What is g(-3)?
19
Let u(d) = -d**3 + 7*d**2 - 11*d - 1. What is u(3)?
2
Let q(w) = -7*w - 80. Calculate q(-16).
32
Let s(o) = -10*o**2 + 20*o + 1. What is s(2)?
1
Let r(s) = 21*s - 34. What is r(2)?
8
Let h(f) = 9*f - 102. What is h(16)?
42
Let c(p) = p**3 - 2*p**2 - p + 2. Determine c(4).
30
Let l(t) = t**2 + 30*t + 174. What is l(-8)?
-2
Let g(d) = -d**3 - 7*d**2 + 28*d - 33. What is g(-10)?
-13
Let k(q) = -q**3 - 2*q**2 + 4*q + 2. What is k(-3)?
-1
Let p(t) = -t**2 + 8*t - 10. Determine p(7).
-3
Let t(b) = 2*b**3 - 4*b**2 + 8*b - 4. Give t(2).
12
Let v(s) = 86*s**2 - 3*s. Calculate v(-1).
89
Let r(b) = -b**3 + 29*b**2 - 27*b - 26. Calculate r(28).
2
Let o(z) = z**2 + 13*z - 37. Give o(-14).
-23
Let s(q) = 5*q - 4. Determine s(-2).
-14
Let l(r) = 4*r + 10. Give l(-3).
-2
Let m(j) = j**3 - 4*j**2 - 5. Give m(4).
-5
Let o(t) = 5*t**2 + 5*t + 9. Give o(-2).
19
Let u(m) = -m + 3. Determine u(18).
-15
Let a(z) = -z**3 + 12*z**2 + 10*z + 41. Give a(13).
2
Let l(q) = -11*q**3 - q**2 + 3*q - 2. What is l(1)?
-11
Let n(h) = -7*h**3 + 2*h**2 - h + 1. Give n(1).
-5
Let n(x) = x**3 - x**2 - 4. Determine n(3).
14
Let z(d) = -33*d**3 - d - 2. Calculate z(-1).
32
Let a(c) = -c**3 - 12*c**2 - 20*c - 16. Give a(-7).
-121
Let c(b) = 26*b - 1436. Calculate c(55).
-6
Let w(x) = -x**2 + 15*x + 2. What is w(16)?
-14
Let f(w) = -w**3 + 12*w**2 - 12*w + 19. What is f(11)?
8
Let b(i) = 2*i**2 - 32*i - 12. Determine b(16).
-12
Let o(w) = w**2 + 19*w + 7. Give o(-10).
-83
Let t(h) = h**2 + 13*h - 5. Calculate t(-12).
-17
Let t(c) = -c**3 + 27*c**2 - 51*c + 22. What is t(25)?
-3
Let z(d) = d**3 - d**2 - 5*d + 14. Calculate z(-3).
-7
Let u(w) = -2*w**3 + 25*w**2 - 11*w + 9. Calculate u(12).
21
Let h(v) = -v**3 + 15*v**2 + 32*v + 34. Calculate h(17).
0
Let z(n) = n**3 + 11*n**2 + 3*n - 19. Calculate z(-11).
-52
Let j(a) = -a**3 + 4*a**2 + 11*a + 1. Determine j(6).
-5
Let g(m) = -3*m**2 - m. Determine g(2).
-14
Let w(d) = 2*d - 1. What is w(6)?
11
Let b(a) = a**2 + 26*a - 5. What is b(-26)?
-5
Let a(l) = l**2 - 12*l + 29. Determine a(6).
-7
Let s(t) = 6*t**2 - t - 4. Give s(0).
-4
Let u(g) = g**2 - 4*g - 11. What is u(4)?
-11
Let k(u) = 41*u**3 + 2*u**2 - 1. Calculate k(1).
42
Let s(y) = y**2 + 2*y + 7. Determine s(-11).
106
Let o(t) = t**3 - 17*t**2 - 18*t - 31. What is o(18)?
-31
Let z(m) = m**3 - 30*m**2 - 2*m + 59. Calculate z(30).
-1
Let y(m) = m**3 + 5*m**2 - 4*m - 7. What is y(-6)?
-19
Let b(a) = 18*a + 71. Calculate b(-4).
-1
Let l(j) = -j**3 - 16*j**2 - j - 22. Calculate l(-16).
-6
Let f(s) = 23*s - 5. Give f(-1).
-28
Let o(m) = 7*m**2 - 3. Calculate o(-1).
4
Let v(c) = c**3 - 4*c**2 - 2*c - 12. Determine v(5).
3
Let t(f) = f**2 + 26*f + 68. Calculate t(-23).
-1
Let o(g) = 17*g - 2. Determine o(2).
32
Let b(q) = -q**3 - 5*q**2 - 9*q - 5. Give b(-5).
40
Let k(h) = 3*h + 12. What is k(10)?
42
Let a(b) = b**2 + 4*b - 5. Give a(-6).
7
Let q(r) = r**3 + 6*r**2 - 3. What is q(-6)?
-3
Let y(u) = -u**3 + 16*u**2 - 17*u + 22. What is y(15)?
-8
Let i(z) = 18*z - 12. Determine i(6).
96
Let n(u) = -2*u**3 - 2*u**2 + 2*u + 2. Give n(2).
-18
Let q(s) = -13*s - 220. Give q(-16).
-12
Let z(u) = 2*u - 8. Calculate z(-8).
-24
Let c(w) = 16*w**2 + 2*w + 1. What is c(-1)?
15
Let d(v) = v**2 - 2*v - 8. Determine d(5).
7
Let y(j) = 15*j**2 - 2*j - 2. What is y(-1)?
15
Let u(i) = 3*i**2 + 6*i + 5. What is u(-3)?
14
Let v(m) = 7*m + 7. What is v(-3)?
-14
Let f(u) = u - 30. What is f(-21)?
-51
Let j(p) = -30*p + 1. Determine j(1).
-29
Let v(m) = m**3 - 8*m**2 - 12*m - 9. Determine v(9).
-36
Let t(d) = -d**2 + 12*d + 51. Calculate t(14).
23
Let a(h) = h**3 - 3*h**2 - 8*h - 11. Determine a(5).
-1
Let l(t) = -3*t**2 + t - 1. Give l(-3).
-31
Let l(s) = s**3 + s**2 - s + 3. Give l(-3).
-12
Let z(o) = o**2 - 23*o - 5. Calculate z(21).
-47
Let f(g) = 24*g**2 - 93*g - 4. Give f(4).
8
Let c(y) = y**3 - 6*y**2 - 16*y - 3. What is c(8)?
-3
Let k(g) = -2*g**3 - 3*g**2 + g + 2. Determine k(2).
-24
Let x(t) = 9*t - 38. What is x(4)?
-2
Let q(g) = -g**3 - 5*g**2 - 2*g - 4. Calculate q(-3).
-16
Let g(y) = -3*y**2 + 16*y + 7. What is g(7)?
-28
Let b(f) = -100*f + 2696. Determine b(27).
-4
Let x(b) = b**2 - 29*b - 21. What is x(29)?
-21
Let z(r) = 9*r**2 - 2*r - 2. What is z(2)?
30
Let s(p) = -2*p - 20. Give s(5).
-30
Let f(t) = -t**3 + 17*t**2 - 3*t + 69. Determine f(17).
18
Let v(b) = 24*b + 129. Calculate v(-5).
9
Let k(m) = -m**3 - 13*m**2 - 12*m - 1. Determine k(-12).
-1
Let q(j) = 5*j + 27. Calculate q(-5).
2
Let f(j) = j**3 + 13*j**2 + j - 5. Determine f(-13).
-18
Let d(p) = -17*p**2 - 4*p - 4. What is d(-1)?
-17
Let u(y) = y**3 + 8*y**2 + 10*y - 7. Determine u(-5).
18
Let k(y) = -21*y - 41. What is k(-10)?
169
Let o(g) = -g**2 + 4*g - 1. Give o(0).
-1
Let j(p) = -p - 9. Determine j(4).
-13
Let w(z) = 6*z - 5. What is w(-5)?
-35
Let r(s) = -s**2 - 5*s + 17. Give r(-4).
21
Let y(z) = z**2 + 8*z + 6. What is y(-8)?
6
Let h(v) = 5*v + 6. Determine h(1).
11
Let u(a) = a**3 - 15*a**2 + 2*a - 5. Determine u(15).
25
Let m(t) = -t**2 + 11*t - 3. What is m(10)?
7
Let m(k) = -58*k**3 - k**2 + 3*k - 3. Calculate m(1).
-59
Let t(f) = 2*f**2 + 2*f - 27. Give t(4).
13
Let a(l) = l**2 + 6*l + 2. What is a(-6)?
2
Let h(k) = -k**3 + 7*k**2 + 4*k + 2. Calculate h(7).
30
Let b(x) = x**3 + 3*x**2 - 6